g - 119 = -343. Suppose 3*w = f - 0*w - 38, -f - 2*w + 23 = 0. Calculate the remainder when x is divided by f.
26
Let z = -60 - -139. Let w = z + -34. Calculate the remainder when w is divided by 24.
21
Suppose 565 = 5*v - 2*d, -d = 4*v - 400 - 52. Suppose -y + 211 = 2*w, 0*y = -w - 2*y + v. Calculate the remainder when w is divided by 54.
49
Let j = 34 - 16. Suppose -10*k + 67 = -253. Calculate the remainder when k is divided by j.
14
Suppose 5*h = -f + 98, f + 10*h - 86 = 9*h. What is the remainder when 272 is divided by f?
23
Let v(j) = -j**2 - 8*j + 11. Suppose -o = -a + 2, -o + 23 = -0*o + 4*a. Let b be 6/(-4)*16/o. What is the remainder when 43 is divided by v(b)?
10
Suppose 0 = 5*c - 65 - 25. Suppose -5*k - c = m, -6*k + 1 = 3*m - 2*k. Let u(w) = 2*w**2 + 18*w + 63. Calculate the remainder when u(-6) is divided by m.
6
Let y(v) = v**3 - 7*v**2 + 8*v + 3. Suppose 0 = m - 4*n - 35, n = -m + 3*m - 42. Let b = 27 - m. Calculate the remainder when y(6) is divided by b.
7
Let s be (-10)/5 + 4 + 1. Suppose 0*m = -2*m + 10, -18 = -a - s*m. Suppose 3*b = 15, -4*y - a*b = 2*b - 133. Calculate the remainder when y is divided by 10.
7
Suppose 425 + 910 = 3*h. Let s = h + -309. Calculate the remainder when s is divided by 46.
44
Let j(d) = -3*d**3 - 2*d**2 - 5*d - 5. Let v be j(-2). What is the remainder when 34 is divided by 96/7 + 6/v?
6
Suppose 6 = -3*m, -k = -2*k - 2*m + 7. Let i(o) = -15*o - 45. Calculate the remainder when i(-5) is divided by k.
8
Let j(c) = c**2. Let g be j(0). Suppose 0 = i - g*i + 5. Calculate the remainder when 45 is divided by ((-24)/10)/(1/i).
9
Let h = 2444 - 2413. What is the remainder when 101 is divided by h?
8
Suppose 46 = 4*k - 298. Calculate the remainder when k is divided by 23.
17
Let u(j) = 5*j**2 - 249*j + 33. What is the remainder when 470 is divided by u(50)?
55
Suppose -5 = -2*b - 2*j + 17, -3*b - j + 43 = 0. Calculate the remainder when 78 is divided by b.
14
Suppose 1 = -3*v + 49. Suppose -268*t = -261*t - 210. What is the remainder when t is divided by v?
14
Let q be 4*20/30*186/8. Suppose v + 4*t - 9 = 0, 2*v + 3*t - q = -3*v. What is the remainder when 25 is divided by v?
12
Calculate the remainder when 266 is divided by (-8 + 133/14)*20.
26
Let c(l) = -l**2 + 18*l - 27. Let p be c(15). Let q(o) = 2*o - 24. Calculate the remainder when 35 is divided by q(p).
11
Let r = 366 + -336. What is the remainder when 88 is divided by r?
28
Let z = 45 + -27. Let k = -47 + 50. Calculate the remainder when k*((-46)/(-3) - 4) is divided by z.
16
Let k(c) = 2*c**2 + 5*c. Let o(l) = 5*l**2 + 16*l. Let r(t) = 11*k(t) - 4*o(t). What is the remainder when 70 is divided by r(6)?
16
Suppose -3*w = -7*w + 264. Let s = w - 42. What is the remainder when 71 is divided by s?
23
Let g(u) = 2*u**2 + 12*u. Let q(x) = -x - 1. Let n be q(7). What is the remainder when 127 is divided by g(n)?
31
Let o = -24 - -26. Suppose -3*c + 37 = y - 3*y, o*c - 30 = -4*y. What is the remainder when 25 is divided by c?
12
Let m(n) = -16*n - 5. Let f(i) = 2*i**2 + 3*i. Let u be f(-2). Suppose 2*o - u*s = 22, 5*o = o - 5*s + 8. What is the remainder when m(-2) is divided by o?
6
Suppose 77 = 32*a - 51. Let m(j) = 4*j - 9. Let n be m(7). Suppose 4*g = -5*r + n, -2*r + 4*g + 0 = -2. What is the remainder when a is divided by r?
1
Suppose 25*j - 797 = 3903. What is the remainder when j is divided by 64?
60
Let u be (2/(-8))/((-5)/40). Let t = u - -36. Calculate the remainder when t is divided by 13.
12
Suppose x - 3 = -2*l, -6*x = -x + 5*l - 20. Suppose a - 4 - 3 = 0. Calculate the remainder when a is divided by x.
2
Let y(x) = -2*x**2 - 10*x + 5. Let m be y(-5). Suppose -m*w - 4*q + 88 = 0, -5*w - 5*q + 73 = -17. What is the remainder when 30 is divided by w?
14
Let k(x) = -42*x - 34. Let q be k(-4). Let s = 152 - q. Calculate the remainder when 57 is divided by s.
3
Let n = -26 - -1086. What is the remainder when n is divided by 59?
57
Let u(d) = 5*d**2 + d + 11. Calculate the remainder when u(-3) is divided by 28.
25
Let z = 66 + -62. Calculate the remainder when 14 is divided by z.
2
Let x = 383 - 339. What is the remainder when 127 is divided by x?
39
Let r = -569 - -1148. Calculate the remainder when r is divided by 20.
19
Suppose 26 = -5*q - 3*v, -q - 5*v + v + 5 = 0. Let b = 44 + q. Let k = 35 + -25. What is the remainder when b is divided by k?
7
Let v(y) = -y**2 - 5*y - 2. Let t be v(-3). Suppose 1 + 15 = t*g. What is the remainder when 22 is divided by g/(-2) - (3 - 17)?
10
Let k(b) = -2*b**2 + 59*b - 25. What is the remainder when k(28) is divided by 1 - (0 - (-2 + 11))?
9
Let f(i) be the first derivative of i**4/4 - 7*i**3/3 - 3*i**2/2 - 8*i + 17. Calculate the remainder when f(8) is divided by 7.
4
Suppose -q + 2 + 19 = 4*c, -q + c = -11. Let d = 15 - q. Suppose 4*g - 5*l - 65 = 0, g + g - d*l = 32. What is the remainder when 29 is divided by g?
14
What is the remainder when (-4875)/50*(-52)/10 is divided by 73?
69
Let h be -2 + (27 - 0/2). Let i be (-4)/(-6) - h/(-3). Calculate the remainder when 82 is divided by (-3 - (-16)/3)*i.
19
Suppose -3*w + 1077 = 48. Calculate the remainder when w is divided by 69.
67
Suppose -5*o = 19*o - 360. What is the remainder when 520 is divided by o?
10
Let l be 1/(-4 - 26/(-6)). Let g be l + 4/4*-1. Suppose -2*u = -m - m - 18, -g*u + m + 15 = 0. Calculate the remainder when u is divided by 2.
0
Let y be 0 - -1 - (19 - 14). Let f(i) = i**2 - 13*i - 53. Calculate the remainder when 87 is divided by f(y).
12
Let p(j) = -28 + 10*j**2 - 20*j**2 + 6*j + 11*j**2. What is the remainder when p(-13) is divided by 13?
11
Let l(k) = 3*k**2 + 19*k - 43. Suppose 0 = -c - 0*c + 5*r, 4*c = -4*r + 96. Calculate the remainder when c is divided by l(2).
6
Suppose 0 = 2*v - 2*y + 5*y - 3, 4*y = -20. Let z(p) = -6*p**2 + 54*p + 6. What is the remainder when z(3) is divided by v?
6
Suppose 0 = -d + 4*k - 9 - 1, 3*d - 21 = -5*k. Suppose 0 = -d*n + 103 + 25. Calculate the remainder when n is divided by 13.
12
Suppose -2*s + 4 = -12. Suppose -4*h = -0*h + 4*b - s, -5*h + b + 16 = 0. Suppose -h = -l - g - 0, 18 = 4*l + 2*g. What is the remainder when 9 is divided by l?
3
Let o(c) = -c**3 + 10*c**2 - 4*c - 9. Let a = 6 - -3. Let y be o(a). What is the remainder when 23 is divided by (y/(-8))/((-3)/8)?
11
Let u be (6/5)/((-1)/5). Let m be (2*u/4)/1. What is the remainder when 39 is divided by m/(-15) - 98/(-10)?
9
Let b be (10/2)/(9/18). Suppose 4*z + 0*t + 4*t - 20 = 0, -b = 4*z - 2*t. Suppose -d + 3 + 12 = z. Calculate the remainder when 57 is divided by d.
12
Suppose b + 4 = -3*b, 4*u = -3*b + 57. Calculate the remainder when u is divided by (1/2)/(3/36).
3
Let c(d) = d**3 + 16*d**2 + 15*d. Suppose 0 = -j - j - 30. Let w be c(j). Suppose w = 5*h - 107 + 42. What is the remainder when h is divided by 5?
3
Suppose -5971 = -8*z - 2211. What is the remainder when z is divided by 79?
75
Suppose -3*o - 26 = -w, 2*o = -4*w - 29 - 7. Let b be ((-156)/o)/(21/70). Suppose 0 = -0*h - h + b. What is the remainder when h is divided by 11?
8
Suppose -4*f + 42 = 5*b + 10, b + f - 7 = 0. Calculate the remainder when 69 is divided by b.
1
What is the remainder when 338 is divided by ((-564)/(-48) + -7)/((-2)/(-24))?
53
Let h be (-80)/6*54/(-15). Let r be (h/(-18))/(2/6). Let u = 5 - r. What is the remainder when u is divided by 5?
3
Let m(y) = y**3 - 2*y**2 - 5*y + 2. Let n be m(4). Suppose 8 + 12 = 4*a. Suppose 3*s = n - a. Calculate the remainder when 3 is divided by s.
0
Suppose 30*p = p + 174. What is the remainder when 113 is divided by p?
5
Suppose 1 = g - 6. Suppose -z - 3*f + 1 = 0, 4*z + 3*f - 9 = 22. Let a = z - g. Calculate the remainder when 13 is divided by a.
1
Suppose 3 = -3*c + 45. Suppose 13*a + 20 = c*a. Calculate the remainder when 77 is divided by a.
17
Let w be (-23)/7 - 2/(-7). Let p = 41 - 36. What is the remainder when (-178)/(-10) + w/(-15) is divided by p?
3
Suppose 4*l - 4*c - 4 = 0, 0 = -2*c + 12 - 4. What is the remainder when 97 is divided by l?
2
Let o be (-1089)/6*12/18. Let n = -108 - o. Suppose 188 = 5*t + 2*u, -2*t - 3*u - 1 = -74. Calculate the remainder when t is divided by n.
12
Suppose 0 = 46*k - 43*k - 681. What is the remainder when k is divided by 27?
11
Suppose 2*s = 3*m - 23, -46*m - 2*s - 32 = 